8.
2
-10001001 (base 2) to base 14
-9b
What is 36 (base 15) in base 5?
201
What is -c (base 14) in base 16?
-c
-232 (base 4) to base 2
-101110
What is -a8 (base 15) in base 14?
-b4
-3 (base 16) to base 14
-3
What is 0 (base 6) in base 7?
0
-27 (base 16) to base 13
-30
-71 (base 9) to base 8
-100
What is 8 (base 11) in base 2?
1000
What is -4 (base 5) in base 11?
-4
What is 76 (base 13) in base 9?
117
-21 (base 3) to base 12
-7
401 (base 6) to base 7
265
Convert -66 (base 8) to base 9.
-60
-102 (base 4) to base 3
-200
9 (base 16) to base 6
13
-167 (base 12) to base 9
-267
What is -2 (base 14) in base 15?
-2
What is -58 (base 14) in base 2?
-1001110
300 (base 4) to base 13
39
What is 10 (base 10) in base 8?
12
Convert -1005 (base 6) to base 10.
-221
Convert 3 (base 10) to base 16.
3
19 (base 12) to base 9
23
Convert 40 (base 8) to base 15.
22
a (base 13) to base 2
1010
What is -21 (base 4) in base 5?
-14
What is 1101 (base 2) in base 9?
14
-10 (base 12) to base 6
-20
What is 6a (base 14) in base 11?
86
What is -3 (base 9) in base 5?
-3
Convert -10100 (base 2) to base 7.
-26
What is 2 (base 15) in base 16?
2
10 (base 5) to base 2
101
Convert -53 (base 13) to base 8.
-104
What is 3 (base 13) in base 4?
3
Convert -103 (base 5) to base 14.
-20
What is 0 (base 5) in base 2?
0
What is -31 (base 5) in base 8?
-20
What is -10021 (base 3) in base 12?
-74
Convert -1 (base 16) to base 7.
-1
-108 (base 13) to base 2
-10110001
23 (base 12) to base 4
123
What is 13 (base 13) in base 12?
14
Convert 33 (base 7) to base 14.
1a
What is 20 (base 5) in base 15?
a
0 (base 15) to base 7
0
What is 6a (base 16) in base 15?
71
What is 1 (base 2) in base 6?
1
Convert 14 (base 10) to base 4.
32
What is -10 (base 16) in base 8?
-20
What is -306 (base 9) in base 11?
-207
What is -a (base 16) in base 9?
-11
Convert 11 (base 6) to base 15.
7
-1 (base 4) to base 10
-1
What is -c3 (base 13) in base 7?
-315
Convert 18 (base 16) to base 2.
11000
1032 (base 6) to base 13
152
What is 2 (base 11) in base 9?
2
Convert -303 (base 4) to base 15.
-36
What is 3 (base 13) in base 12?
3
8 (base 12) to base 3
22
What is -3 (base 14) in base 13?
-3
-2 (base 15) to base 4
-2
Convert 143 (base 9) to base 2.
1111000
Convert -20 (base 3) to base 6.
-10
What is 10 (base 5) in base 9?
5
103 (base 8) to base 7
124
What is -3 (base 5) in base 14?
-3
-1a (base 12) to base 6
-34
What is -29 (base 15) in base 10?
-39
102 (base 3) to base 2
1011
-e2 (base 16) to base 9
-271
What is -2 (base 7) in base 10?
-2
What is -312 (base 5) in base 7?
-145
Convert 15 (base 10) to base 13.
12
What is -25 (base 16) in base 15?
-27
What is -1 (base 9) in base 8?
-1
Convert -1b (base 12) to base 10.
-23
What is -18 (base 12) in base 2?
-10100
Convert -22 (base 4) to base 2.
-1010
What is 5 (base 16) in base 2?
101
-2 (base 14) to base 15
-2
What is -1100100 (base 2) in base 15?
-6a
16 (base 8) to base 14
10
What is 11 (base 2) in base 13?
3
50 (base 14) to base 6
154
0 (base 5) to base 13
0
11 (base 6) to base 3
21
-42 (base 10) to base 8
-52
-3 (base 5) to base 4
-3
What is 19 (base 15) in base 13?
1b
Convert -1c1 (base 14) to base 2.
-101101101
-6 (base 11) to base 13
-6
-120 (base 4) to base 7
-33
Convert 45 (base 9) to base 10.
41
Convert -11 (base 16) to base 6.
-25
What is 12 (base 15) in base 11?
16
What is -1 (base 4) in base 2?
-1
What is 0 (base 6) in base 4?
0
4 (base 10) to base 9
4
-13 (base 9) to base 3
-110
Convert 5 (base 6) to base 5.
10
What is 3 (base 8) in base 16?
3
Convert -83 (base 14) to base 15.
-7a
Convert 330 (base 6) to base 9.
150
What is b (base 16) in base 9?
12
Convert 57 (base 10) to base 4.
321
What is -3 (base 5) in base 8?
-3
-11 (base 2) to base 5
-3
11 (base 16) to base 9
18
What is 24 (base 7) in base 9?
20
-325 (base 7) to base 6
-434
What is -45 (base 6) in base 12?
-25
-6 (base 16) to base 8
-6
8 (base 12) to base 8
10
Convert -13 (base 14) to base 11.
-16
Convert 3 (base 16) to base 2.
11
What is -1 (base 5) in base 11?
-1
-30 (base 8) to base 5
-44
21 (base 4) to base 16
9
Convert 2 (base 8) to base 5.
2
Convert 210 (base 6) to base 16.
4e
Convert 30 (base 15) to base 13.
36
Convert 12 (base 7) to base 9.
10
3 (base 6) to base 3
10
Convert -1 (base 9) to base 16.
-1
What is 11 (base 9) in base 2?
1010
Convert 9 (base 16) to base 7.
12
122 (base 3) to base 16
11
Convert 348 (base 10) to base 16.
15c
Convert -4 (base 7) to base 15.
-4
What is -74 (base 11) in base 14?
-5b
What is -4 (base 7) in base 6?
-4
What is -4 (base 12) in base 3?
-11
-2121 (base 4) to base 9
-180
-16 (base 11) to base 8
-21
Convert -102 (base 5) to base 11.
-25
Convert 0 (base 4) to base 10.
0
What is -220 (base 6) in base 12?
-70
Convert 3 (base 9) to base 2.
11
What is 21 (base 7) in base 11?
14
Convert 1221 (base 3) to base 4.
310
What is -30 (base 4) in base 5?
-22
-3 (base 6) to base 14
-3
Convert -7 (base 14) to base 5.
-12
What is -9 (base 12) in base 13?
-9
-20 (base 3) to base 2
-110
Convert 13 (base 8) to base 12.
b
-1 (base 16) to base 6
-1
What is -54 (base 9) in base 11?
-45
2 (base 16) to base 8
2
What is -7 (base 12) in base 4?
-13
What is -1 (base 14) in base 8?
-1
What is -3 (base 16) in base 10?
-3
0 (base 10) to base 4
0
66 (base 7) to base 3
1210
17 (base 16) to base 13
1a
What is 4 (base 6) in base 12?
4
Convert 1 (base 9) to base 5.
1
-23 (base 4) to base 12
-b
-8 (base 16) to base 13
-8
Convert 35 (base 12) to base 13.
32
What is 265 (base 13) in base 14?
221
What is -1110 (base 2) in base 6?
-22
Convert -275 (base 10) to base 13.
-182
6 (base 12) to base 5
11
40 (base 14) to base 15
3b
Convert 41 (base 13) to base 12.
45
What is -102011 (base 3) in base 2?
-100101101
3 (base 13) to base 7
3
-110110 (base 2) to base 7
-105
-3 (base 7) to base 10
-3
Convert 0 (base 6) to base 8.
0
-5 (base 9) to base 13
-5
What is -11111 (base 2) in base 8?
-37
Convert 1 (base 16) to base 8.
1
Convert -24 (base 16) to base 6.
-100
What is -42 (base 14) in base 8?
-72
3 (base 10) to base 8
3
Convert 101 (base 11) to base 9.
145
Convert 8 (base 10) to base 2.
1000
What is -12100 (base 4) in base 7?
-1111
-ba (base 16) to base 12
-136
What is 2 (base 15) in base 8?
2
What is 11 (base 7) in base 8?
10
What is 110102 (base 3) in base 5?
2320
What is 7 (base 14) in base 10?
7
-1141 (base 5) to base 2
-10101011
What is -40 (base 7) in base 5?
-103
What is 5 (base 12) in base 2?
101
1 (base 8) to base 9
1
What is -21 (base 9) in base 8?
-23
Convert -3 (base 8) to base 15.
-3
What is 1 (base 4) in base 2?
1
212 (base 11) to base 3
100110
What is -313 (base 4) in base 15?
-3a
7 (base 16) to base 4
13
5 (base 12) to base 7
5
2 (base 16) to base 15
2
Convert 0 (base 4) to base 14.
0
What is -12 (base 3) in base 6?
-5
Convert -7 (base 16) to base 15.
-7
Convert a1 (base 13) to base 12.
ab
Convert -8 (base 9) to base 2.
-1000
What is 11001 (base 2) in base 16?
19
Convert 13 (base 6) to base 7.
12
0 (base 11) to base 14
0
22 (base 10) to base 16
16
What is 17 (base 8) in base 16?
f
Convert 25 (base 12) to base 6.
45
Convert -2103 (base 4) to base 15.
-9c
What is -32 (base 5) in base 11?
-16
Convert 0 (base 5) to base 14.
0
Convert 33 (base 4) to base 14.
11
54 (base 12) to base 10
64
Convert -3 (base 14) to base 11.
-3
36 (base 13) to base 12
39
4 (base 15) to base 16
4
108 (base 13) to base 5
1202
-1 (base 11) to base 2
-1
-2 (base 7) to base 9
-2
Convert -4 (base 14) to base 11.
-4
-60 (base 8) to base 9
-53
What is 0 (base 5) in base 15?
0
What is 1 (base 2) in base 14?
1
What is 8 (base 11) in base 10?
8
Convert -11 (base 4) to base 2.
-101
41 (base 7) to base 11
27
2 (base 3) to base 13
2
1010011 (base 2) to base 6
215
Convert -2 (base 5) to base 2.
-10
10 (base 6) to base 5
11
112 (base 5) to base 7
44
What is -230 (base 5) in base 8?
-101
Convert 13 (base 8) to base 14.
b
What is 2012 (base 3) in base 6?
135
6 (base 14) to base 16
6
What is -44 (base 6) in base 15?
-1d
What is -55 (base 11) in base 6?
-140
Convert -2 (base 6) to base 9.
-2
What is -10101 (base 2) in base 13?
-18
What is 10 (base 6) in base 7?
6
Convert -10 (base 8) to base 7.
-11
Convert 5 (base 13) to base 11.
5
Convert -3 (base 4) to base 16.
-3
What is -3 (base 7) in base 10?
-3
44 (base 13) to base 2
111000
What is 17 (base 16) in